 + 5*o - 178127 = 0. Suppose 5*h + 0*h - 35 = 0. Suppose -g = -h*r - 32568. Is r composite?
False
Let l = -47 - -54. Suppose -2110 = 2*a - l*a. Is (-1 + 12)/(2/a) a composite number?
True
Let o(c) = -15106*c + 191. Is o(-7) a prime number?
False
Let m = -224869 + 416022. Is m a prime number?
False
Is ((-78762)/15)/(1/20*-8) prime?
True
Let i be ((-24)/(-10) - 2) + 54/15. Suppose -i*u = -7404 + 776. Is u a prime number?
True
Let w(d) = 4505*d**2 + d - 5. Let p = 113 - 115. Is w(p) a prime number?
True
Let x be 0 + 0 - (-3 + 7 + -9). Suppose x*o - 4*v = 32093, -2*o = 2*o - v - 25681. Is o a composite number?
False
Let y(z) = z**3 - 7*z**2 - 39*z - 29. Suppose -2*c = c - 78. Is y(c) composite?
False
Let s = -828 + 1283. Let k = -186 + s. Is k a composite number?
False
Let v be (5410/25)/((-5)/(-250)). Suppose -3*f + 12 = 0, 2*f = 2*w + 66 - v. Is w a composite number?
False
Suppose 54*p - 2528886 - 1516357 + 265729 = 0. Is p composite?
False
Suppose -6*b - 7*b + 1040263 = -6*b. Is b prime?
True
Is 21656 - -7 - 6/3 prime?
True
Let v(i) = -i**2 - 9*i - 11. Let s be v(-7). Suppose 5*q - j + 1492 = 0, -2*q = -5*q + s*j - 888. Let k = 458 + q. Is k a composite number?
True
Let c(s) = 5*s**2 - 17. Let w(n) = 241*n - 241*n - 9*n**2 + 32. Let j(z) = -7*c(z) - 4*w(z). Is j(10) composite?
True
Let l = 88 - 94. Let d be (142/l - -1)/((-11)/(-165)). Let y = d - -747. Is y a composite number?
True
Let g(w) = 1970*w**2 - 171*w + 42. Is g(5) composite?
False
Suppose -5*d + 5*i = -10, d + 3*i - 9 = -d. Suppose -69513 = -3*v - g, -9 = -4*g + d. Suppose 0 = 4*x - 14*x + v. Is x composite?
True
Let a(j) be the third derivative of -229*j**4/24 - 25*j**3/6 - 9*j**2. Let p be a(8). Let l = 2834 + p. Is l a composite number?
False
Let t = 645001 + -278608. Is t prime?
False
Suppose -1196 = 3*u - 1205. Is 350/(-30) + 11 - (-1229)/u composite?
False
Is (1479204/(-108))/(2/(-6)) a prime number?
False
Suppose -13*y = 105786 + 25748. Let w = -7221 - y. Is w a prime number?
True
Is (-1027*26/(-507)*(-174)/(-4))/1 prime?
False
Suppose 0 = -2*z - 10, -3*v = 4*z + 23678. Let i = v - -20991. Is (-4)/18 + i/45 a prime number?
False
Let t be 6/(5 - (-17)/(-4)). Let f be (-452)/(-8)*(38 - (t - 4)). Suppose 0*r - r + f = 0. Is r a prime number?
False
Let i = 113447 + -49424. Is i a prime number?
False
Let x(w) be the second derivative of 36*w**5 + w**4/6 + w**3/2 - 7*w**2/2 - 125*w. Is x(2) a composite number?
True
Let t = 15 + -7. Suppose 2*j + t = 4*v, -4*j - 51 = -v - 0*v. Is (-127)/2*(j + 4) prime?
False
Let b = -11 - -8. Let t(o) = -7*o**2 - 3*o + 13. Let l(k) = 7*k**2 + 2*k - 12. Let q(r) = 6*l(r) + 5*t(r). Is q(b) a prime number?
False
Let v(p) be the second derivative of -7*p**2 - 229/6*p**3 + 0 - 27*p. Is v(-3) composite?
False
Let b = 95 + 1090. Is (84/(-18))/((-10)/b) prime?
False
Let l(t) = -579*t + 14. Let q(s) = 577*s - 13. Let i(k) = -3*l(k) - 2*q(k). Is i(3) a prime number?
True
Suppose 660 - 690 = -5*g, 53429 = 5*f - g. Is f prime?
True
Suppose 23818570 = 206*g - 29245176. Is g a prime number?
True
Let d(r) = 10713*r + 2365. Is d(32) a composite number?
False
Suppose 0 = 15*y - 218 + 68. Let g(d) = 69*d + 63. Is g(y) composite?
True
Let q(v) = v**2 + 14*v + 16. Let d be q(-6). Let a be (-36)/d + (-99)/24 + 4. Is a/(2/(-154)*-1) a composite number?
True
Let d(a) = -14*a**2 - 6*a. Suppose 0 = -3*k + 15 - 18. Let i be d(k). Let j(n) = 11*n**2 - 6*n - 9. Is j(i) prime?
True
Suppose 10 = -0*h + 5*h. Suppose 0 = -2*f - 2*b + 4038, -h*f + 1915 = -b - 2129. Suppose 0 = -2*u + l + 1439, 120 + f = 3*u + 2*l. Is u composite?
True
Suppose 7*l = -7*l - 1232. Let u be (332/(-16))/(1/(-12)). Let n = u + l. Is n prime?
False
Suppose -3*i + 3*z = -101740 - 52016, 2*i + 4*z = 102498. Is i a prime number?
False
Let p(s) = 2*s**2 + 36*s - 34. Let k be p(-17). Let t = -65 - k. Is (1 - 4) + t/(6/620) composite?
False
Let l = -965 - -281. Let u = -307 - 1426. Let g = l - u. Is g a prime number?
True
Suppose 11683136 = 5*l + 8*l - 2*z - 2874771, 0 = -2*z. Is l composite?
True
Suppose 5*u - 21008 = -3*l + 27122, -4*l - 48165 = -5*u. Is u prime?
True
Let v(a) = 1561*a + 225. Let u be (-17)/((-102)/84) - 4. Is v(u) composite?
True
Suppose -3*w - 4 = 11, 4*w + 12 = 4*z. Let d(l) = -216*l - 65. Is d(z) composite?
False
Let s = 115099 - -5082. Is s a composite number?
False
Let c = -829 + 828. Suppose 3*l - 1 = 2. Is (c - -992)/(l + 0) a composite number?
False
Let r be 281060/15 + 2 + (-2)/(-3). Suppose -r = -64*f + 60*f. Suppose 371 = -6*i + f. Is i a composite number?
False
Suppose -2*j + 135 = -49. Suppose -j = 2*b + 280. Is (-2)/4*(0 + b) prime?
False
Let v = -2193 - -1042. Let w = v - -3658. Is w a prime number?
False
Is ((-228)/171)/((-8)/94476) composite?
True
Let s = -953019 + 1375768. Is s a composite number?
False
Suppose -12 = 5*d - 8*d. Suppose -s + 6978 = -d*s. Is (s/(-4))/(2/12) prime?
False
Suppose 2*x - 3*x + 1949 = 0. Suppose 0 = -o - i + 486, 2*o - 6*o - 5*i + x = 0. Is o a composite number?
True
Let m(l) = 6650*l - 47. Is m(6) prime?
False
Is 1 - (-21)/(-15) - 13741533/(-45) a prime number?
False
Let f be (2*-13)/(6 - 1 - 3). Let v(g) = -g**3 + 12*g**2 + 18*g - 2. Is v(f) composite?
False
Let s = 9710 + -3729. Is s a prime number?
True
Suppose v - 18 = 14. Suppose 0 = 3*o - 5*o + v. Let z = o - -61. Is z a composite number?
True
Let s(n) = 22217*n**2 + 13*n + 7. Is s(3) prime?
True
Let y be (0 - -18)/(2/(-5)). Suppose 4*b - 4401 + 1213 = 0. Is (b/(-5))/(9/y) a prime number?
True
Let z(o) = 4*o**3 - 2*o**2 - o - 2. Let f be z(2). Suppose 2*m - f = v + 3*v, 3*v = -5*m + 24. Suppose 0 = m*r + 2*r - 72. Is r prime?
False
Is 11156*(10/110 - (-14)/88) prime?
True
Suppose 25 = 9*w - 2. Suppose 4*v - 4*o - 6 = -2, w*v + 3*o = -3. Suppose v = -h + 122 + 69. Is h composite?
False
Let k = -392 - -185. Is 4/(-14) + k/(-63) - -7340 a prime number?
False
Is ((-4)/8)/((-155)/66554210) prime?
True
Suppose -16*k + 2*n - 723832 = -20*k, -180953 = -k - 3*n. Is k a prime number?
True
Let z = 37 + -24. Let l(u) = 82*u - 87. Is l(z) a prime number?
False
Let a be (-16)/(-120) - (-42196)/105. Suppose o = -0*y + 4*y + 116, 271 = 2*o + 5*y. Suppose -10*s = -o - a. Is s prime?
True
Let i(p) = -3617*p**2 - 5*p + 32. Let t(l) = 904*l**2 + l - 8. Let v(h) = 2*i(h) + 9*t(h). Is v(-5) a composite number?
True
Suppose -247*g + 17072 = -245*g. Suppose -3*u = -0*k + k - 4280, 2*u + g = 2*k. Is k a composite number?
False
Let n(d) = 6290*d**3 - 3*d**2 + 2*d. Suppose -4*u - 7*z + 3*z - 8 = 0, -2*u + z = -5. Is n(u) prime?
False
Let c(j) = -7542*j + 473. Is c(-9) composite?
False
Suppose 6*i - 16 = 7*i + t, 2*i + 12 = 2*t. Let b = i + 138. Is b prime?
True
Suppose r + 2*q - 13319 = -2*q, -q + 53231 = 4*r. Is r composite?
True
Suppose n - 86861 - 402910 = -3*y, -816277 = -5*y - 3*n. Is y prime?
True
Suppose i = -5*f - 2584, -i + f - 137 = 2477. Let y = i - -4812. Is y prime?
True
Let y(c) = 21*c**3 - 6*c**2 + 4*c + 10. Let h be ((-45)/18)/(5/(-14)). Is y(h) a prime number?
True
Suppose v - 2*y + 20 = 4*v, v - 8 = -2*y. Suppose 12035 = -v*o + 11*o. Is o a composite number?
True
Suppose -4*u + 22 = 2*w, 0*w - 4*u + 27 = 3*w. Let p be -1 - -3 - (-1 + -362). Suppose -5*t = -j - 188 - p, 0 = 5*t - w*j - 545. Is t prime?
False
Let q = 35215 + 100127. Suppose 0 = 4*y + 53666 - q. Is y a composite number?
True
Let f(y) = 166*y**2 + 5*y - 1. Let n = 35 + -32. Let h be n + (-6 - -5)*(2 - 1). Is f(h) a prime number?
True
Let i(d) = 262*d + 77. Let h be i(-8). Let x = -958 - h. Is x prime?
True
Let b(q) = 46*q**2 - 18*q - 60. Let f be b(16). Suppose -3*l + 5*w + f = -7929, -2*w + 25792 = 4*l. Is l prime?
True
Let d = 13705 - 4881. Suppose -x = -9*x + d. Is x prime?
True
Suppose 89387 = 14*j - 43347. Suppose -12*d + j = 3*y - 10*d, -12645 = -4*y + d. Is y a composite number?
True
Is 2350254/16 - (-201)/1608 a prime number?
True
Let m(d) = -d**3 + 13*d**2 + 14*d. Let b be m(14). Suppose -w - 3*c + 4022 = 0, 3*w + c + 3*c - 12041 = b. Is w composite?
False
Let o(d) = -31798*d + 41. Is o(-1) composite?
True
Let c be 0/(3/((-3)/(-4))). Suppose 2*q - 10 = 6*y - 8*y, c = -5*y. Suppose -5859 + 904 = -q*g. Is g a composite number?
False
Let t = -115 + 141. Suppose t*g + 4504 = 34*g. Is g a prime number?
True
Suppose -15*g = -84*